the remainder when 430 is divided by 27?
25
What is the remainder when 410 is divided by 134?
8
What is the remainder when 579 is divided by 306?
273
What is the remainder when 2362 is divided by 64?
58
What is the remainder when 815 is divided by 91?
87
Calculate the remainder when 33 is divided by 11.
0
What is the remainder when 227 is divided by 8?
3
What is the remainder when 83 is divided by 4?
3
Calculate the remainder when 659 is divided by 650.
9
What is the remainder when 14728 is divided by 106?
100
What is the remainder when 95 is divided by 15?
5
Calculate the remainder when 140 is divided by 12.
8
Calculate the remainder when 1570 is divided by 196.
2
What is the remainder when 1007 is divided by 92?
87
Calculate the remainder when 379 is divided by 39.
28
Calculate the remainder when 313 is divided by 155.
3
Calculate the remainder when 1542 is divided by 86.
80
What is the remainder when 458 is divided by 9?
8
Calculate the remainder when 379 is divided by 38.
37
Calculate the remainder when 20805 is divided by 102.
99
Calculate the remainder when 72 is divided by 22.
6
Calculate the remainder when 1427 is divided by 454.
65
What is the remainder when 51937 is divided by 20?
17
Calculate the remainder when 1774 is divided by 16.
14
What is the remainder when 1951 is divided by 194?
11
What is the remainder when 611 is divided by 103?
96
What is the remainder when 136 is divided by 47?
42
What is the remainder when 196 is divided by 73?
50
What is the remainder when 9665 is divided by 3218?
11
Calculate the remainder when 159 is divided by 10.
9
Calculate the remainder when 71 is divided by 37.
34
What is the remainder when 175 is divided by 61?
53
Calculate the remainder when 182 is divided by 5.
2
Calculate the remainder when 197 is divided by 86.
25
Calculate the remainder when 140 is divided by 139.
1
What is the remainder when 461 is divided by 58?
55
Calculate the remainder when 738 is divided by 17.
7
Calculate the remainder when 14871 is divided by 11.
10
Calculate the remainder when 3356 is divided by 260.
236
Calculate the remainder when 3255 is divided by 163.
158
Calculate the remainder when 6 is divided by 4.
2
Calculate the remainder when 594 is divided by 32.
18
Calculate the remainder when 301 is divided by 54.
31
What is the remainder when 205 is divided by 53?
46
What is the remainder when 1166 is divided by 231?
11
What is the remainder when 92 is divided by 41?
10
What is the remainder when 9489 is divided by 16?
1
Calculate the remainder when 33181 is divided by 34.
31
What is the remainder when 300 is divided by 43?
42
What is the remainder when 85 is divided by 29?
27
What is the remainder when 672 is divided by 159?
36
Calculate the remainder when 620 is divided by 148.
28
What is the remainder when 175 is divided by 33?
10
What is the remainder when 1556 is divided by 41?
39
Calculate the remainder when 1228 is divided by 136.
4
What is the remainder when 54 is divided by 5?
4
Calculate the remainder when 381 is divided by 170.
41
Calculate the remainder when 6477 is divided by 18.
15
What is the remainder when 69 is divided by 7?
6
What is the remainder when 488 is divided by 68?
12
Calculate the remainder when 520 is divided by 38.
26
What is the remainder when 1724 is divided by 72?
68
What is the remainder when 892 is divided by 255?
127
What is the remainder when 765 is divided by 11?
6
What is the remainder when 457 is divided by 160?
137
Calculate the remainder when 510 is divided by 73.
72
Calculate the remainder when 7114 is divided by 2368.
10
Calculate the remainder when 2534 is divided by 43.
40
What is the remainder when 27 is divided by 11?
5
What is the remainder when 105 is divided by 51?
3
Calculate the remainder when 520 is divided by 100.
20
Calculate the remainder when 748 is divided by 18.
10
Calculate the remainder when 278 is divided by 24.
14
Calculate the remainder when 193 is divided by 13.
11
What is the remainder when 2620 is divided by 19?
17
What is the remainder when 48 is divided by 33?
15
What is the remainder when 143 is divided by 48?
47
Calculate the remainder when 169 is divided by 58.
53
Calculate the remainder when 193 is divided by 14.
11
Calculate the remainder when 1018 is divided by 17.
15
What is the remainder when 103 is divided by 44?
15
What is the remainder when 61 is divided by 13?
9
Calculate the remainder when 1406 is divided by 72.
38
What is the remainder when 853 is divided by 173?
161
What is the remainder when 2599 is divided by 40?
39
Calculate the remainder when 320 is divided by 36.
32
What is the remainder when 32 is divided by 13?
6
Calculate the remainder when 19 is divided by 8.
3
Calculate the remainder when 263 is divided by 33.
32
What is the remainder when 162 is divided by 148?
14
Calculate the remainder when 640 is divided by 320.
0
Calculate the remainder when 1461 is divided by 92.
81
Calculate the remainder when 856 is divided by 33.
31
Calculate the remainder when 23 is divided by 5.
3
What is the remainder when 110 is divided by 30?
20
What is the remainder when 4751 is divided by 198?
197
Calculate the remainder when 12608 is divided by 97.
95
Calculate the remainder when 12101 is divided by 6047.
7
Calculate the remainder when 7 is divided by 3.
1
What is the remainder when 31 is divided by 8?
7
What is the remainder when 307 is divided by 49?
13
What is the remainder when 112 is divided by 19?
17
Calculate the remainder when 20 is divided by 7.
6
What is the remainder when 741 is divided by 367?
7
What is the remainder when 266 is divided by 131?
4
What is the remainder when 545 is divided by 137?
134
What is the remainder when 818 is divided by 55?
48
Calculate the remainder when 2997 is divided by 60.
57
Calculate the remainder when 496 is divided by 253.
243
Calculate the remainder when 179 is divided by 36.
35
Calculate the remainder when 1605 is divided by 51.
24
What is the remainder when 273 is divided by 164?
109
What is the remainder when 136 is divided by 98?
38
What is the remainder when 166 is divided by 51?
13
What is the remainder when 259 is divided by 87?
85
What is the remainder when 1333 is divided by 222?
1
Calculate the remainder when 1461 is divided by 122.
119
What is the remainder when 2173 is divided by 8?
5
Calculate the remainder when 155 is divided by 20.
15
Calculate the remainder when 56 is divided by 15.
11
What is the remainder when 788 is divided by 200?
188
What is the remainder when 899 is divided by 75?
74
Calculate the remainder when 250 is divided by 88.
74
Calculate the remainder when 839 is divided by 168.
167
What is the remainder when 8 is divided by 2?
0
What is the remainder when 1946 is divided by 76?
46
What is the remainder when 178 is divided by 23?
17
What is the remainder when 727 is divided by 10?
7
Calculate the remainder when 806 is divided by 101.
99
What is the remainder when 447 is divided by 17?
5
Calculate the remainder when 356 is divided by 128.
100
Calculate the remainder when 495 is divided by 109.
59
Calculate the remainder when 1568 is divided by 131.
127
Calculate the remainder when 381 is divided by 9.
3
Calculate the remainder when 389 is divided by 34.
15
What is the remainder when 123 is divided by 27?
15
What is the remainder when 26 is divided by 17?
9
Calculate the remainder when 253 is divided by 64.
61
Calculate the remainder when 203 is divided by 68.
67
What is the remainder when 223 is divided by 73?
4
What is the remainder when 344 is divided by 114?
2
Calculate the remainder when 550 is divided by 49.
11
Calculate the remainder when 215 is divided by 37.
30
Calculate the remainder when 6304 is divided by 17.
14
What is the remainder when 812 is divided by 84?
56
What is the remainder when 4717 is divided by 16?
13
Calculate the remainder when 8 is divided by 3.
2
What is the remainder when 704 is divided by 346?
12
What is the remainder when 343 is divided by 59?
48
Calculate the remainder when 276 is divided by 58.
44
Calculate the remainder when 227 is divided by 218.
9
Calculate the remainder when 300 is divided by 18.
12
What is the remainder when 645 is divided by 106?
9
What is the remainder when 1597 is divided by 16?
13
Calculate the remai